{"id":24411,"date":"2020-07-31T17:20:26","date_gmt":"2020-07-31T15:20:26","guid":{"rendered":"https:\/\/samatec.net\/arredi-tecnici\/?page_id=24411"},"modified":"2020-08-03T17:49:26","modified_gmt":"2020-08-03T15:49:26","slug":"armadi","status":"publish","type":"page","link":"https:\/\/samatec.net\/arredi-tecnici\/armadi\/","title":{"rendered":"Armadi"},"content":{"rendered":"<p>[vc_row][vc_column css=&#8221;.vc_custom_1484173266564{padding-top: 25px !important;}&#8221;]<h1 class=\"boc_heading  al_left  boc_animate_when_almost_visible boc_fade-in\"  style=\"margin-bottom: 20px;color: #333333;\"><span><strong>ARMADI<\/strong><\/span><\/h1><div class=\"boc_divider_holder\"><div class=\"boc_divider  \"  style=\"margin-top: 20px;margin-bottom: 20px;width: 60%;height: 1px;background: #eeeeee;\"><\/div><\/div>[\/vc_column][\/vc_row][vc_row][vc_column][vc_column_text]Adattabilit\u00e0, resistenza ai prodotti chimici, sicurezza e facilit\u00e0 di manutenzione sono le qualit\u00e0 alla base degli <strong>ARMADI<\/strong> che proponiamo a completamento delle linee <strong>DOUBLE<\/strong> e <strong>DOUBLE UP<\/strong>.<\/p>\n<p>Gli armadi sono componenti fondamentali per favorire l\u2019ordine all\u2019interno dell\u2019area di lavoro. Lo stoccaggio \u00e8 un tema da non sottovalutare in un ambiente di lavoro delicato e di precisione come quello del laboratorio.<\/p>\n<p>Vi forniamo un\u2019ampia gamma di modelli che vi permettono di completare l\u2019<strong>arredo del laboratorio<\/strong>.<\/p>\n<p>L\u2019operatore pu\u00f2 scegliere tra componenti bassi (100 cm) ed alti (190 cm). Sia in versione scaffale, che con ante vetrate o tamponamenti ciechi.<\/p>\n<p>Tutti i nostri prodotti vengono disegnati e realizzati seguendo la normativa di riferimento: la UNI EN 13150.<\/p>\n<p>Tutti i materiali impiegati sono selezionati e testati con cura tra le migliori qualit\u00e0 esistenti in commercio, in funzione dell\u2019utilizzo, robustezza, determinando in questo modo un alto livello di qualit\u00e0.[\/vc_column_text][\/vc_column][\/vc_row][vc_row gap=&#8221;10&#8243; equal_height=&#8221;yes&#8221;][vc_column width=&#8221;1\/2&#8243; css=&#8221;.vc_custom_1596209166254{padding-right: 50px !important;padding-left: 50px !important;background-position: center !important;background-repeat: no-repeat !important;background-size: contain !important;}&#8221;][vc_single_image alignment=&#8221;center&#8221; onclick=&#8221;link_image&#8221; css_animation=&#8221;boc_animate_when_almost_visible boc_fade-in&#8221; image=&#8221;24412&#8243; css=&#8221;.vc_custom_1596209031478{background-position: 0 0 !important;background-repeat: no-repeat !important;}&#8221;][\/vc_column][vc_column width=&#8221;1\/2&#8243; css=&#8221;.vc_custom_1596209194017{padding-right: 50px !important;padding-left: 50px !important;background-position: 0 0 !important;background-repeat: no-repeat !important;}&#8221;][vc_single_image alignment=&#8221;center&#8221; onclick=&#8221;link_image&#8221; css_animation=&#8221;boc_animate_when_almost_visible boc_fade-in&#8221; image=&#8221;24413&#8243; css=&#8221;.vc_custom_1596209058488{background-position: 0 0 !important;background-repeat: no-repeat !important;}&#8221;][\/vc_column][\/vc_row][vc_row][vc_column width=&#8221;1\/2&#8243;][vc_row_inner][vc_column_inner width=&#8221;1\/2&#8243;][vc_single_image css_animation=&#8221;boc_animate_when_almost_visible boc_fade-in&#8221; image=&#8221;24414&#8243;][\/vc_column_inner][vc_column_inner width=&#8221;1\/2&#8243;][vc_single_image css_animation=&#8221;boc_animate_when_almost_visible boc_fade-in&#8221; image=&#8221;24415&#8243;][\/vc_column_inner][\/vc_row_inner][\/vc_column][vc_column width=&#8221;1\/2&#8243;][vc_column_text css_animation=&#8221;boc_animate_when_almost_visible boc_fade-in&#8221;]Struttura ed antine in agglomerato <strong>classe e1<\/strong> (parametro relativo all\u2019emissione di formaldeide) ignifugo binobilitato, ante stesso materiale fissate con cerniere con apertura 130\u00b0\/180\u00b0, colore bianco.<\/p>\n<p>Tutti i pannelli e le antine hanno bordatura antiurto in ABS di spessore minimo 2mm con spigoli e bordi arrotondati antinfortunistici. La bordatura \u00e8 incollata con colla poliuretanica, resistente all\u2019acqua e agli sbalzi di temperatura.<\/p>\n<p>Pannello di fondo e fianchi di spessore 18mm.<\/p>\n<p>I ripiani interni sono regolabili in altezza spessore 18mm \u2013 25mm (nel caso di moduli di ampie dimensioni).<\/p>\n<p>Top e base hanno spessore di 25 mm<\/p>\n<p><strong>DIMENSIONI<\/strong><\/p>\n<p>\u2192\u00a0<b><span style=\"color: #ff4400;\">Lunghezze standard<\/span>:<\/b><\/p>\n<p>450\/900 mm<\/p>\n<p>Vi \u00e8 la possibilit\u00e0 di personalizzare le dimensioni in base alle proprie esigenze.<\/p>\n<p>\u2192 <b><span style=\"color: #ff4400;\">Profondit\u00e0<\/span>: <\/b>450 mm<\/p>\n<p><b>\u2192 <span style=\"color: #ff4400;\">Altezza<\/span>: <\/b>1000\/1900 mm<\/p>\n<p><strong>PIEDINI<\/strong><\/p>\n<p>Piedini in ABS con spigoli e bordi arrotondati antinfortunistici.<\/p>\n<p><strong>MANIGLIE<\/strong><\/p>\n<p>Maniglie con interasse 320 mm squadrate effetto acciaio satinato, resistenti ai prodotti chimici.[\/vc_column_text][\/vc_column][\/vc_row][vc_row full_width=&#8221;stretch_row&#8221; equal_height=&#8221;yes&#8221; bg_type=&#8221;bg_color&#8221; bg_color_value=&#8221;#222222&#8243; css=&#8221;.vc_custom_1596202209601{margin-bottom: 0px !important;border-bottom-width: 0px !important;padding-top: 40px !important;padding-bottom: 0px !important;}&#8221;][vc_column css=&#8221;.vc_custom_1596209694350{padding-right: 50px !important;padding-left: 50px !important;}&#8221;][vc_single_image alignment=&#8221;center&#8221; image=&#8221;24416&#8243;][\/vc_column][\/vc_row]<\/p>\n","protected":false},"excerpt":{"rendered":"<p>[vc_row][vc_column css=&#8221;.vc_custom_1484173266564{padding-top: 25px !important;}&#8221;][\/vc_column][\/vc_row][vc_row][vc_column][vc_column_text]Adattabilit\u00e0, resistenza ai prodotti chimici, sicurezza e facilit\u00e0 di manutenzione sono le qualit\u00e0 alla base degli ARMADI che proponiamo a completamento delle linee DOUBLE e DOUBLE UP. Gli armadi sono componenti fondamentali per favorire l\u2019ordine all\u2019interno dell\u2019area di lavoro. Lo stoccaggio \u00e8 un tema da non sottovalutare in un ambiente di lavoro delicato e di precisione come<\/p>\n<div class=\"h10\"><\/div>\n<p><a class=\"more-link1\" href=\"https:\/\/samatec.net\/arredi-tecnici\/armadi\/\">Read more<\/a><\/p>\n","protected":false},"author":1,"featured_media":0,"parent":0,"menu_order":0,"comment_status":"closed","ping_status":"closed","template":"","meta":{"footnotes":""},"class_list":["post-24411","page","type-page","status-publish","hentry"],"_links":{"self":[{"href":"https:\/\/samatec.net\/arredi-tecnici\/wp-json\/wp\/v2\/pages\/24411","targetHints":{"allow":["GET"]}}],"collection":[{"href":"https:\/\/samatec.net\/arredi-tecnici\/wp-json\/wp\/v2\/pages"}],"about":[{"href":"https:\/\/samatec.net\/arredi-tecnici\/wp-json\/wp\/v2\/types\/page"}],"author":[{"embeddable":true,"href":"https:\/\/samatec.net\/arredi-tecnici\/wp-json\/wp\/v2\/users\/1"}],"replies":[{"embeddable":true,"href":"https:\/\/samatec.net\/arredi-tecnici\/wp-json\/wp\/v2\/comments?post=24411"}],"version-history":[{"count":4,"href":"https:\/\/samatec.net\/arredi-tecnici\/wp-json\/wp\/v2\/pages\/24411\/revisions"}],"predecessor-version":[{"id":24421,"href":"https:\/\/samatec.net\/arredi-tecnici\/wp-json\/wp\/v2\/pages\/24411\/revisions\/24421"}],"wp:attachment":[{"href":"https:\/\/samatec.net\/arredi-tecnici\/wp-json\/wp\/v2\/media?parent=24411"}],"curies":[{"name":"wp","href":"https:\/\/api.w.org\/{rel}","templated":true}]}}

<p>[vc_row][vc_column css=&#8221;.vc_custom_1484173266564{padding-top: 25px !important;}&#8221;]<h1 class="boc_heading  al_left  boc_animate_when_almost_visible boc_fade-in"  style="margin-bottom: 20px;color: #333333;"><span><strong>ARMADI</strong></span></h1><div class="boc_divider_holder"><div class="boc_divider  "  style="margin-top: 20px;margin-bottom: 20px;width: 60%;height: 1px;background: #eeeeee;"></div></div>[/vc_column][/vc_row][vc_row][vc_column][vc_column_text]Adattabilità, resistenza ai prodotti chimici, sicurezza e facilità di manutenzione sono le qualità alla base degli <strong>ARMADI</strong> che proponiamo a completamento delle linee <strong>DOUBLE</strong> e <strong>DOUBLE UP</strong>.</p>
<p>Gli armadi sono componenti fondamentali per favorire l’ordine all’interno dell’area di lavoro. Lo stoccaggio è un tema da non sottovalutare in un ambiente di lavoro delicato e di precisione come quello del laboratorio.</p>
<p>Vi forniamo un’ampia gamma di modelli che vi permettono di completare l’<strong>arredo del laboratorio</strong>.</p>
<p>L’operatore può scegliere tra componenti bassi (100 cm) ed alti (190 cm). Sia in versione scaffale, che con ante vetrate o tamponamenti ciechi.</p>
<p>Tutti i nostri prodotti vengono disegnati e realizzati seguendo la normativa di riferimento: la UNI EN 13150.</p>
<p>Tutti i materiali impiegati sono selezionati e testati con cura tra le migliori qualità esistenti in commercio, in funzione dell’utilizzo, robustezza, determinando in questo modo un alto livello di qualità.[/vc_column_text][/vc_column][/vc_row][vc_row gap=&#8221;10&#8243; equal_height=&#8221;yes&#8221;][vc_column width=&#8221;1/2&#8243; css=&#8221;.vc_custom_1596209166254{padding-right: 50px !important;padding-left: 50px !important;background-position: center !important;background-repeat: no-repeat !important;background-size: contain !important;}&#8221;][vc_single_image alignment=&#8221;center&#8221; onclick=&#8221;link_image&#8221; css_animation=&#8221;boc_animate_when_almost_visible boc_fade-in&#8221; image=&#8221;24412&#8243; css=&#8221;.vc_custom_1596209031478{background-position: 0 0 !important;background-repeat: no-repeat !important;}&#8221;][/vc_column][vc_column width=&#8221;1/2&#8243; css=&#8221;.vc_custom_1596209194017{padding-right: 50px !important;padding-left: 50px !important;background-position: 0 0 !important;background-repeat: no-repeat !important;}&#8221;][vc_single_image alignment=&#8221;center&#8221; onclick=&#8221;link_image&#8221; css_animation=&#8221;boc_animate_when_almost_visible boc_fade-in&#8221; image=&#8221;24413&#8243; css=&#8221;.vc_custom_1596209058488{background-position: 0 0 !important;background-repeat: no-repeat !important;}&#8221;][/vc_column][/vc_row][vc_row][vc_column width=&#8221;1/2&#8243;][vc_row_inner][vc_column_inner width=&#8221;1/2&#8243;][vc_single_image css_animation=&#8221;boc_animate_when_almost_visible boc_fade-in&#8221; image=&#8221;24414&#8243;][/vc_column_inner][vc_column_inner width=&#8221;1/2&#8243;][vc_single_image css_animation=&#8221;boc_animate_when_almost_visible boc_fade-in&#8221; image=&#8221;24415&#8243;][/vc_column_inner][/vc_row_inner][/vc_column][vc_column width=&#8221;1/2&#8243;][vc_column_text css_animation=&#8221;boc_animate_when_almost_visible boc_fade-in&#8221;]Struttura ed antine in agglomerato <strong>classe e1</strong> (parametro relativo all’emissione di formaldeide) ignifugo binobilitato, ante stesso materiale fissate con cerniere con apertura 130°/180°, colore bianco.</p>
<p>Tutti i pannelli e le antine hanno bordatura antiurto in ABS di spessore minimo 2mm con spigoli e bordi arrotondati antinfortunistici. La bordatura è incollata con colla poliuretanica, resistente all’acqua e agli sbalzi di temperatura.</p>
<p>Pannello di fondo e fianchi di spessore 18mm.</p>
<p>I ripiani interni sono regolabili in altezza spessore 18mm – 25mm (nel caso di moduli di ampie dimensioni).</p>
<p>Top e base hanno spessore di 25 mm</p>
<p><strong>DIMENSIONI</strong></p>
<p>→ <b><span style="color: #ff4400;">Lunghezze standard</span>:</b></p>
<p>450/900 mm</p>
<p>Vi è la possibilità di personalizzare le dimensioni in base alle proprie esigenze.</p>
<p>→ <b><span style="color: #ff4400;">Profondità</span>: </b>450 mm</p>
<p><b>→ <span style="color: #ff4400;">Altezza</span>: </b>1000/1900 mm</p>
<p><strong>PIEDINI</strong></p>
<p>Piedini in ABS con spigoli e bordi arrotondati antinfortunistici.</p>
<p><strong>MANIGLIE</strong></p>
<p>Maniglie con interasse 320 mm squadrate effetto acciaio satinato, resistenti ai prodotti chimici.[/vc_column_text][/vc_column][/vc_row][vc_row full_width=&#8221;stretch_row&#8221; equal_height=&#8221;yes&#8221; bg_type=&#8221;bg_color&#8221; bg_color_value=&#8221;#222222&#8243; css=&#8221;.vc_custom_1596202209601{margin-bottom: 0px !important;border-bottom-width: 0px !important;padding-top: 40px !important;padding-bottom: 0px !important;}&#8221;][vc_column css=&#8221;.vc_custom_1596209694350{padding-right: 50px !important;padding-left: 50px !important;}&#8221;][vc_single_image alignment=&#8221;center&#8221; image=&#8221;24416&#8243;][/vc_column][/vc_row]</p>

<p>[vc_row][vc_column css=&#8221;.vc_custom_1484173266564{padding-top: 25px !important;}&#8221;][/vc_column][/vc_row][vc_row][vc_column][vc_column_text]Adattabilità, resistenza ai prodotti chimici, sicurezza e facilità di manutenzione sono le qualità alla base degli ARMADI che proponiamo a completamento delle linee DOUBLE e DOUBLE UP. Gli armadi sono componenti fondamentali per favorire l’ordine all’interno dell’area di lavoro. Lo stoccaggio è un tema da non sottovalutare in un ambiente di lavoro delicato e di precisione come</p>
<div class="h10"></div>
<p><a class="more-link1" href="https://samatec.net/arredi-tecnici/armadi/">Read more</a></p>
