{"id":24462,"date":"2020-08-02T17:41:22","date_gmt":"2020-08-02T15:41:22","guid":{"rendered":"https:\/\/samatec.net\/arredi-tecnici\/?page_id=24462"},"modified":"2020-08-03T18:09:06","modified_gmt":"2020-08-03T16:09:06","slug":"scrivanie","status":"publish","type":"page","link":"https:\/\/samatec.net\/arredi-tecnici\/scrivanie\/","title":{"rendered":"Scrivanie"},"content":{"rendered":"<p>[vc_row][vc_column css=&#8221;.vc_custom_1484173266564{padding-top: 25px !important;}&#8221;]<h1 class=\"boc_heading  al_left  boc_animate_when_almost_visible boc_fade-in\"  style=\"margin-bottom: 20px;color: #333333;\"><span><strong>Scrivanie<\/strong><\/span><\/h1><div class=\"boc_divider_holder\"><div class=\"boc_divider  \"  style=\"margin-top: 20px;margin-bottom: 20px;width: 60%;height: 1px;background: #eeeeee;\"><\/div><\/div>[\/vc_column][\/vc_row][vc_row equal_height=&#8221;yes&#8221;][vc_column width=&#8221;2\/3&#8243;][vc_column_text]Adattabilit\u00e0, resistenza ai prodotti chimici, sicurezza e facilit\u00e0 di manutenzione sono le qualit\u00e0 alla base delle SCRIVANIE che proponiamo a completamento delle linee DOUBLE e DOUBLE UP.<\/p>\n<p>Il tecnico di laboratorio pu\u00f2 modificare, con semplici operazioni, la configurazione degli elementi d\u2019arredo per adattarli alle esigenze del momento. Tutti i componenti sono modulari ed assemblati ad incastro o tramite viti, permettendo la facile rimozione e sostituzione dei vari elementi.<\/p>\n<p>La struttura portante e il piano di lavoro risultano totalmente indipendenti tra loro. Grazie a questa accortezza progettuale lo spazio di lavoro utilizzabile \u00e8 massimo, senza alcuna limitazione data ad esempio da torrette elettriche o rubinetti.<\/p>\n<p>Tutti i nostri prodotti vengono disegnati e realizzati seguendo la normativa di riferimento: la UNI EN 13150.<\/p>\n<p>E\u2019 l\u2019unica del settore ad avere a catalogo l\u2019elemento angolare: non un tamponamento ma una vera e propria scrivania sul quale lavorare.<\/p>\n<p>Tutti i materiali impiegati sono selezionati e testati con cura tra le migliori qualit\u00e0 esistenti in commercio, in funzione dell\u2019utilizzo, robustezza, determinando in questo modo un alto livello di qualit\u00e0.<\/p>\n<p>Tutte le strutture sono concepite per essere auto portanti, componibili, intercambiabili tra loro e organizzate per l\u2019aggancio al modulo tecnico porta impianti. Sono predisposte per il supporto dei piani di lavoro e l\u2019inserimento di mobili sottopiano fissi o su ruote.[\/vc_column_text][\/vc_column][vc_column width=&#8221;1\/3&#8243;][vc_single_image alignment=&#8221;center&#8221; style=&#8221;vc_box_rounded&#8221; image=&#8221;24463&#8243;][\/vc_column][\/vc_row][vc_row equal_height=&#8221;yes&#8221;][vc_column width=&#8221;1\/3&#8243;][vc_single_image alignment=&#8221;center&#8221; image=&#8221;24466&#8243; css=&#8221;.vc_custom_1596383598434{background-position: center !important;background-repeat: no-repeat !important;background-size: cover !important;}&#8221;][vc_column_text]<\/p>\n<ol>\n<li><b><\/b> <span style=\"color: #ff4400;\"><strong>Cubetti distanziatori<\/strong><\/span><\/li>\n<li><span style=\"color: #ff4400;\"><strong> Spalla laterale<\/strong><\/span><\/li>\n<li><span style=\"color: #ff4400;\"><strong> Rubinetteria, prese di corrente e accessori<\/strong><\/span><\/li>\n<li><span style=\"color: #ff4400;\"><strong> Struttura porta servizi<\/strong><\/span><\/li>\n<li><span style=\"color: #ff4400;\"><strong> Cornice porta piano<\/strong><\/span><\/li>\n<li><span style=\"color: #ff4400;\"><strong> Piano di lavoro<\/strong><\/span><\/li>\n<li><span style=\"color: #ff4400;\"><strong> Pannello vano a giorno<\/strong><\/span><\/li>\n<li><span style=\"color: #ff4400;\"><strong> Pannello schiena<\/strong><\/span><\/li>\n<li><span style=\"color: #ff4400;\"><strong> Mensola in lamiera<\/strong><\/span><\/li>\n<li><span style=\"color: #ff4400;\"><strong> Piano in appoggio<\/strong><\/span><\/li>\n<\/ol>\n<p>[\/vc_column_text][vc_single_image alignment=&#8221;center&#8221; image=&#8221;24398&#8243;][\/vc_column][vc_column width=&#8221;2\/3&#8243;][vc_column_text]Le <strong>strutture portanti<\/strong> sono costituite in lamiera piegata e tubolari metallici, verniciati con polveri epossidiche, che conferiscono al banco una migliore resistenza agli acidi e agli agenti chimici aggressivi.<\/p>\n<p>Per alleggerire la struttura sono stati inseriti dei <span style=\"color: #ff4400;\"><strong>cubetti distanziatori 1.<\/strong><\/span> in acciaio, il cui colore pu\u00f2 variare a seconda delle preferenze del cliente.<\/p>\n<p><span style=\"color: #ff4400;\"><strong>Spalla laterale chiusa 2.<\/strong><\/span> : costituita da tubolare metallico 40x40mm e vassoio in lamiera piegata, verniciata con polveri epossidiche; dotato di asole presfondabili per eventuale passaggio impianti, <span style=\"color: #ff4400;\"><strong>colore personalizzabile.<\/strong><\/span><\/p>\n<p>Ottima resistenza agli acidi e agli agenti chimici aggressivi.<\/p>\n<p><strong>STRUTTURA PORTA SERVIZI<\/strong><\/p>\n<p>Tutte le scrivanie presentano una fascia porta servizi che ospita prese di corrente e altri accessori 3.. Il passaggio delle utenze e i relativi cavi sono nascosti all\u2019interno della struttura da un pannello vano a giorno che pu\u00f2 essere rimosso in caso di manutenzione.<\/p>\n<p><strong>DIMENSIONI<\/strong><\/p>\n<p>\u2192 <span style=\"color: #ff4400;\"><strong>Lunghezze standard:<\/strong><\/span><\/p>\n<p>1200\/1500\/1765 mm<\/p>\n<p><b>\u2192 <\/b><span style=\"color: #ff4400;\"><strong>Profondit\u00e0:<\/strong><\/span> 610\/810 mm<\/p>\n<p>\u2192 <span style=\"color: #ff4400;\"><strong>Altezza:<\/strong><\/span> 750 mm<\/p>\n<p>Vi \u00e8 la possibilit\u00e0 di personalizzare le dimensioni in base alle proprie esigenze.[\/vc_column_text][vc_column_text]<span style=\"color: #ff4400;\"><strong>PIANO DI LAVORO 6.<\/strong><\/span><\/p>\n<p>Il piano di lavoro non poggia direttamente sulle gambe ma su una <span style=\"color: #ff4400;\"><strong>cornice porta piano 5.<\/strong><\/span>: questo permette una maggiore portata, resistenza e solidit\u00e0 del banco.<\/p>\n<p>Adatto a sorreggere strumentazione anche pesante.<\/p>\n<p>Piani di lavoro compatibili: LAMINATO POSTFORMATO \/ HPL \/ DU PONT\u2122 CORIAN\u00ae\/ POLIPROPILENE \/ GRES MONOLITICO<\/p>\n<p><span style=\"color: #ff4400;\"><strong>\u00a0PANNELLO VANO A GIORNO 7.<\/strong><\/span><\/p>\n<p>Tamponamento applicato nella parte frontale bassa del banco per coprire il passaggio dei cavi e delle tubazioni relative alle utenze presenti sul piano.<\/p>\n<p><span style=\"color: #ff4400;\"><strong>\u00a0PANNELLO SCHIENA 8.<\/strong><\/span><\/p>\n<p>Tamponamento applicato nella parte posteriore bassa della scrivania.<\/p>\n<p>Nel caso di installazione a centro stanza.<\/p>\n<p><span style=\"color: #ff4400;\"><strong>PORTA REAGENTI 9. \u2013 10.<\/strong><\/span><\/p>\n<p>Formato da montanti a cui si abbina una o pi\u00f9 mensole.<\/p>\n<div id=\"gtx-trans\" style=\"position: absolute; left: -46px; top: 422px;\"><\/div>\n<p>[\/vc_column_text][\/vc_column][\/vc_row][vc_row full_width=&#8221;stretch_row_content&#8221; equal_height=&#8221;yes&#8221; bg_type=&#8221;image&#8221; bg_image_new=&#8221;24469&#8243; bg_image_repeat=&#8221;no-repeat&#8221; bg_img_attach=&#8221;fixed&#8221; css=&#8221;.vc_custom_1596384224626{margin-bottom: 0px !important;border-bottom-width: 0px !important;padding-bottom: 0px !important;}&#8221;][vc_column]<div class=\"boc_spacing \" style=\"height: 550px\"><\/div>[\/vc_column][\/vc_row]<\/p>\n","protected":false},"excerpt":{"rendered":"<p>[vc_row][vc_column css=&#8221;.vc_custom_1484173266564{padding-top: 25px !important;}&#8221;][\/vc_column][\/vc_row][vc_row equal_height=&#8221;yes&#8221;][vc_column width=&#8221;2\/3&#8243;][vc_column_text]Adattabilit\u00e0, resistenza ai prodotti chimici, sicurezza e facilit\u00e0 di manutenzione sono le qualit\u00e0 alla base delle SCRIVANIE che proponiamo a completamento delle linee DOUBLE e DOUBLE UP. Il tecnico di laboratorio pu\u00f2 modificare, con semplici operazioni, la configurazione degli elementi d\u2019arredo per adattarli alle esigenze del momento. Tutti i componenti sono modulari ed assemblati ad<\/p>\n<div class=\"h10\"><\/div>\n<p><a class=\"more-link1\" href=\"https:\/\/samatec.net\/arredi-tecnici\/scrivanie\/\">Read more<\/a><\/p>\n","protected":false},"author":1,"featured_media":0,"parent":0,"menu_order":0,"comment_status":"closed","ping_status":"closed","template":"","meta":{"footnotes":""},"class_list":["post-24462","page","type-page","status-publish","hentry"],"_links":{"self":[{"href":"https:\/\/samatec.net\/arredi-tecnici\/wp-json\/wp\/v2\/pages\/24462","targetHints":{"allow":["GET"]}}],"collection":[{"href":"https:\/\/samatec.net\/arredi-tecnici\/wp-json\/wp\/v2\/pages"}],"about":[{"href":"https:\/\/samatec.net\/arredi-tecnici\/wp-json\/wp\/v2\/types\/page"}],"author":[{"embeddable":true,"href":"https:\/\/samatec.net\/arredi-tecnici\/wp-json\/wp\/v2\/users\/1"}],"replies":[{"embeddable":true,"href":"https:\/\/samatec.net\/arredi-tecnici\/wp-json\/wp\/v2\/comments?post=24462"}],"version-history":[{"count":6,"href":"https:\/\/samatec.net\/arredi-tecnici\/wp-json\/wp\/v2\/pages\/24462\/revisions"}],"predecessor-version":[{"id":24472,"href":"https:\/\/samatec.net\/arredi-tecnici\/wp-json\/wp\/v2\/pages\/24462\/revisions\/24472"}],"wp:attachment":[{"href":"https:\/\/samatec.net\/arredi-tecnici\/wp-json\/wp\/v2\/media?parent=24462"}],"curies":[{"name":"wp","href":"https:\/\/api.w.org\/{rel}","templated":true}]}}